-- http://www.phpmyadmin.net
-- 
-- โฮสต์: localhost
-- เวลาในการสร้าง: 
-- รุ่นของเซิร์ฟเวอร์: 5.0.51
-- รุ่นของ PHP: 5.2.6


-- 
-- ฐานข้อมูล: `computer`
-- 

-- --------------------------------------------------------

-- 
-- โครงสร้างตาราง `category`
-- 

CREATE TABLE `category` (
  `id_category` varchar(45) collate utf8_unicode_ci NOT NULL,
  `name_category` varchar(45) collate utf8_unicode_ci NOT NULL,
  `detail` longtext collate utf8_unicode_ci NOT NULL,
  PRIMARY KEY  (`id_category`)
) ENGINE=MyISAM DEFAULT CHARSET=utf8 COLLATE=utf8_unicode_ci;

-- 
-- dump ตาราง `category`
-- 

INSERT INTO `category` VALUES ('A', 'CPU', 'ซีพียู(CPU:Central Processing Unit)คือ หน่วยประมวลผลกลางในการทำงานของคอมพิวเตอร์ เจ้าซีพียู(CPU:Central Processing Unit) นี้เปรียบเสมือนสมองของคอมพิวเตอร์ภายในประกอบไปด้วยสารกึ่งตัวนำทางอิเล็กทรอนิกส์ที่เรียกว่า ซิลิกอน(Silicon)โดยนำซิลิกอนมาเจือกับวัสดุบางชนิดเพื่อให้เกิดสภาวะของการนำไฟฟ้าได้ ซิลิกอนที่ผ่านการเจือเหล่านี้ จะถูกนำมาเรียงต่อกันเป็นทรานซิสเตอร์ ซีพียู(CPU :Central Processing Unit)มีจำนวนหลายสิบล้านตัวเลยทีเดียวครับ มีหน้าที่ คือ ควบคุมการทำงานของเครื่องคอมพิวเตอร์ ไม่ว่าจะเป็นการคำนวณ หรือการวิเคราะห์ข้อมูลก็ตาม แม้แต่การทำงานของอุปกรณ์อื่นๆ ภายในเครื่องคอมพิวเตอร์ก็ต้องอาศัยการสั่งการจากซีพียู(CPU:Central Processing Unit)เสมอ    ');
INSERT INTO `category` VALUES ('B', 'Mainboard', 'เมนบอร์ด (Mainboard) คือ ศุนย์กลางของการเชื่อมต่อสำหรับอุปกรณ์ภายในเครื่องคอมพิวเตอร์ มีชิปเซตที่ำทำหน้าที่รับ/ส่งข้อมูลของอุปกรณ์ต่างๆ อีกขั้นหนึ่ง เมนบร์ด (Mainboard)นิยมใช้มาตรฐานการออกแบบ ATX (Advance Technology Extension) ปรับปรุงจากระบบเก่าที่เป็นแบบ Body AT โดยแบบใหม่จะมีการปรับปรุงบริเวณ ซีพียู(CPU)โดยจะย้ายไปไกลพัดลมของแหล่งจ่ายไฟ(Power Supply) ทำให้สามารถระบายความร้อนได้ดีและรวดเร็วยิ่งขึ้น');

-- --------------------------------------------------------

-- 
-- โครงสร้างตาราง `product`
-- 

CREATE TABLE `product` (
  `id_product` int(10) NOT NULL auto_increment,
  `name_product` varchar(100) collate utf8_unicode_ci NOT NULL,
  `id_category` varchar(45) collate utf8_unicode_ci NOT NULL,
  `price` varchar(10) collate utf8_unicode_ci NOT NULL,
  `detail` longtext collate utf8_unicode_ci NOT NULL,
  `image1` varchar(45) collate utf8_unicode_ci NOT NULL,
  `image2` varchar(45) collate utf8_unicode_ci NOT NULL,
  `insurance` varchar(45) collate utf8_unicode_ci NOT NULL,
  PRIMARY KEY  (`id_product`)
) ENGINE=MyISAM  DEFAULT CHARSET=utf8 COLLATE=utf8_unicode_ci AUTO_INCREMENT=13 ;

-- 
-- dump ตาราง `product`
-- 

INSERT INTO `product` VALUES (7, 'CPU AMD A4-6300 (Box STrek)', 'A', '1520', 'Processor\r\nAMD A4 6300 Dual Core 3.9 GHZ. Max Turbo 3.7 GHz.\r\nModel\r\nAMD A4-6300 \r\n#AD6300OKHLBOX\r\nOperating Mode 64 Bit\r\nSupport\r\nL1 Cache Size (KB)\r\n64 KB shared instruction caches \r\n2 x 16 KB data caches\r\nL2 Cache Size\r\n1 MB shared cache\r\nL3 Cache Size\r\nNone\r\nCMOS\r\n32nm\r\nIntegrated graphics\r\nGPU Type: Radeon HD 8370D \r\nShader cores: 128 \r\nBase frequency (MHz): 760\r\nFrequency\r\n3700 MHz\r\nTurbo frequency\r\n3900 MHz\r\nThe number of cores\r\n2\r\nThe number of threads\r\n2\r\n', 'a1450196870.jpg', 'b1450196870.jpg', '3 ปี');
INSERT INTO `product` VALUES (8, 'CPU AMD FX-6300 (Box SVOA)', 'A', '4100', 'Brand\r\nAMD FX\r\nProcessor\r\nAMD FX 6-Core Black Edition\r\nModel\r\nFX-6300\r\nOperating Mode 32 Bit\r\nYes\r\nOperating Mode 64 Bit\r\nYes\r\nCore Speed\r\n3.5 MHz\r\nVoltages\r\n95w.\r\nL2 Cache Size\r\n6 MB\r\nCMOS\r\n32nm SOI\r\nSocket\r\nAM3+\r\n', 'a1450196929.jpg', 'b1450196929.jpg', '3 ปี');
INSERT INTO `product` VALUES (9, 'CPU Intel Core i5 - 6500 (Box Ingram/Synnex)', 'A', '7650', 'Operating Frequency\r\n3.2 GHz Max.	3.6 GHz\r\n64 bit Support\r\nYes\r\nIdle States\r\nYes\r\nDMI\r\n8 GT/s\r\nL1 Cache Size (KB)\r\n4 x 32 KB instruction caches 4 x 32 KB data caches\r\nL2 Cache Size (KB)\r\n4 x 256 KB caches\r\nL3 Cache Size (KB)\r\n6 MB shared cache\r\nBrand\r\nIntel\r\nModel\r\nIntel Core i5 - 6500\r\nProcessors number\r\ni5 - 6500\r\nCPU Socket Type\r\nLGA 1151\r\n# of Cores\r\n4\r\n# of Threads\r\n4\r\nIntel? Smart Cache\r\n6 MB\r\nProcessor Graphics\r\nIntel HD Graphics 530\r\nGraphics Base Frequency\r\n350 MHz\r\n', 'a1450197001.jpg', 'b1450197001.jpg', '3 ปี');
INSERT INTO `product` VALUES (10, 'CPU Intel Core i7 - 6700K (Box No Fan Ingram/Synnex) ', 'A', '13600', 'Brand\r\nIntel\r\nModel\r\nBX80662I76700K\r\nProcessors number\r\ni7 - 6700K\r\nCPU Socket Type\r\nLGA 1151\r\n# of Cores\r\n4\r\n# of Threads\r\n8\r\nOperating Frequency\r\n4 GHz\r\nIntel? Smart Cache\r\n8 MB\r\nTurbo Boost Technology\r\n2.0\r\nHyper-Threading Support\r\nYes\r\nVirtualization Technology Support (VT-x)\r\nYes\r\nVirtualization Technology Support (VT-d)\r\nYes\r\nTrusted Execution Technology\r\nNo\r\n64 bit Support\r\nYes\r\nIdle States\r\nYes\r\nSpeedstep Technology\r\nYes\r\nProcessor Graphics\r\nIntel HD Graphics 530\r\nIntel® Flexible Display Interface (Intel® FDI)\r\nNo\r\nIntel® Clear Video HD Technology\r\nYes\r\nGraphics Base Frequency\r\n350 MHz\r\nL2 Cache Size (KB)\r\n4 x 256KB\r\nL3 Cache Size (KB)\r\n8 MB shared\r\nGraphics Max Dynamic Frequency\r\n1.15 GHz\r\nIntel® Quick Sync Video\r\nYes\r\nIntel® InTru™ 3D Technology\r\nYes\r\nIntel® Insider™\r\nYes\r\nIntel® Wireless Display\r\nYes\r\n# of Displays Supported\r\n3\r\nPCI Express Revision\r\n3.0\r\nPCI Express Configurations\r\nUp to 1x16 2x8 1x8+2x4\r\n', 'a1450197108.jpg', 'b1450197108.jpg', '3 ปี');
INSERT INTO `product` VALUES (11, 'CPU Intel Celeron G1840 (Box Ingram/Synnex)', 'A', '1440', 'Brand\r\nIntel\r\nModel\r\nCeleron G1840\r\nProcessors number\r\nG1840\r\nModel Number\r\nBX80646G1820\r\nCPU Socket Type\r\n1150\r\n# of Cores\r\n2\r\n# of Threads\r\n2\r\n64 bit Support\r\nSupport\r\nVoltage\r\n53 W\r\nL3 Cache Size (KB)\r\n2 MB\r\nMax Memory Size\r\n32 GB\r\n', 'a1450197164.jpg', 'b1450197164.jpg', '3 ปี');
INSERT INTO `product` VALUES (12, 'ASUS X99-DELUXE/USB3.1', 'B', '14300', 'Brand\r\nASUS\r\nModel\r\nX99-DELUXE/3.1\r\nCPU Support\r\nIntel Socket 2011-v3 Core™ i7 Processors \r\nSupports Intel 22 nm CPU \r\nSupports Intel Turbo Boost Technology * The Intel® Turbo Boost Technology 2.0 support depends on the CPU types.\r\nSocket\r\nLGA 2011-v3\r\nChipset\r\nIntel X99\r\nRAM\r\n8 x DIMM, Max. 64GB, DDR4 3200(O.C.)/3000(O.C.)/2800(O.C.)/2666(O.C.)/2400(O.C.)/2133 MHz Non-ECC, Un-buffered Memory \r\nQuad Channel Memory Architecture \r\nSupports Intel® Extreme Memory Profile (XMP)\r\nSound\r\nRealtek ALC1150 8 Channels\r\nLAN\r\nIntel® I218V, 1 x Gigabit LAN Controller(s) \r\nIntel® I211-AT, 1 x Gigabit LAN \r\nDual Gigabit LAN controllers- 802.3az Energy Efficient Ethernet (EEE) appliance \r\nSupport Teaming Technology ASUS Turbo LAN Utility\r\nUSB 2.0 back Panel\r\n2 x USB 2.0\r\nUSB 2.0 Panel\r\n2 x USB 2.0\r\nUSB 3.0 back Panel\r\n10 x USB 3.0 (blue)\r\nUSB 3.0 Panel\r\n2 x USB 3.0\r\nSATA\r\n8 x SATA 6Gb/s port(s) *3\r\nRAID\r\n0/1/5/10\r\nForm Factor\r\nATX\r\nMulti-GPU Support\r\nSupports NVIDIA Quad-GPU SLI™ Technology \r\nSupports NVIDIA 3-Way SLI™ Technology \r\nSupports AMD Quad-GPU CrossFireX™ Technology \r\nSupports AMD 3-Way CrossFireX™ Technology\r\n    ', 'a1450197678.jpg', 'b1450197678.jpg', '3 ปี');

-- --------------------------------------------------------

-- 
-- โครงสร้างตาราง `sale`
-- 

CREATE TABLE `sale` (
  `id_sale` int(10) NOT NULL auto_increment,
  `id_product` longtext collate utf8_unicode_ci NOT NULL,
  `number` longtext collate utf8_unicode_ci NOT NULL,
  `date_book` datetime NOT NULL,
  `date_sale` datetime NOT NULL,
  `user` varchar(100) collate utf8_unicode_ci NOT NULL,
  `status` varchar(45) collate utf8_unicode_ci NOT NULL,
  PRIMARY KEY  (`id_sale`)
) ENGINE=MyISAM  DEFAULT CHARSET=utf8 COLLATE=utf8_unicode_ci AUTO_INCREMENT=15 ;

-- 
-- dump ตาราง `sale`
-- 

INSERT INTO `sale` VALUES (1, '12,12,9', '1,1,1', '0000-00-00 00:00:00', '0000-00-00 00:00:00', 'admin', 'ส่งแล้ว');
INSERT INTO `sale` VALUES (2, '12', '1', '2015-12-16 23:08:14', '0000-00-00 00:00:00', 'day', 'ยกเลิกการสั่งชื้อ');
INSERT INTO `sale` VALUES (3, '10', '1', '2015-12-16 23:10:03', '0000-00-00 00:00:00', 'day', 'ยกเลิกการสั่งชื้อ');
INSERT INTO `sale` VALUES (4, '9', '1', '2015-12-16 23:21:28', '0000-00-00 00:00:00', 'day', 'ส่งแล้ว');
INSERT INTO `sale` VALUES (5, '9', '1', '2015-12-16 23:21:51', '0000-00-00 00:00:00', 'day', 'ส่งแล้ว');
INSERT INTO `sale` VALUES (6, '7', '1', '2015-12-17 10:35:24', '0000-00-00 00:00:00', 'admin', 'ยกเลิกการสั่งชื้อ');
INSERT INTO `sale` VALUES (7, '7,8', '1,1', '2015-12-17 13:16:21', '0000-00-00 00:00:00', 'admin', 'delete');
INSERT INTO `sale` VALUES (8, '8', '1', '2015-12-17 13:31:29', '0000-00-00 00:00:00', 'day', 'ยกเลิกการสั่งชื้อ');
